se 8.
1535
What is 220202022 (base 3) in base 5?
1034134
Convert 700 (base 10) to base 2.
1010111100
What is 341 (base 9) in base 15?
13a
What is -1121 (base 7) in base 3?
-120002
-173 (base 8) to base 14
-8b
What is -1100010000 (base 2) in base 6?
-3344
Convert -443b (base 12) to base 8.
-16557
Convert -21b03 (base 14) to base 12.
-3b373
What is -112 (base 7) in base 9?
-64
41321 (base 5) to base 12
169b
-213311 (base 4) to base 2
-100111110101
Convert 26aa6 (base 11) to base 13.
1474a
What is a994 (base 16) in base 4?
22212110
-5f5 (base 16) to base 13
-904
Convert 10111001100 (base 2) to base 14.
780
2320 (base 4) to base 16
b8
Convert -220130 (base 4) to base 11.
-1a43
What is -40151 (base 12) in base 4?
-110103031
Convert 243 (base 7) to base 2.
10000001
What is -31032 (base 5) in base 12?
-1201
2660 (base 10) to base 5
41120
What is -4266 (base 8) in base 14?
-b54
Convert 110000 (base 3) to base 10.
324
What is -3414 (base 5) in base 11?
-400
What is 4130 (base 11) in base 16?
1566
Convert 12741 (base 13) to base 11.
23763
-2010222 (base 5) to base 7
-162053
-171136 (base 8) to base 2
-1111001001011110
1032 (base 5) to base 14
a2
Convert -7921 (base 13) to base 7.
-100231
What is 22251 (base 6) in base 13?
1567
Convert 16939 (base 15) to base 2.
10001110011111010
Convert 213 (base 16) to base 9.
650
What is -51521 (base 6) in base 11?
-51a3
-6427 (base 9) to base 4
-1021303
-11010101001100 (base 2) to base 5
-414034
Convert 1241 (base 8) to base 14.
361
What is -42 (base 5) in base 13?
-19
Convert 8a77 (base 11) to base 15.
3812
Convert -2b2 (base 15) to base 16.
-269
What is 1201002020 (base 3) in base 14?
c358
What is -1888 (base 16) in base 11?
-479a
Convert -1101210020 (base 3) to base 10.
-27546
Convert 414 (base 7) to base 11.
179
1300410 (base 5) to base 12
12641
Convert 758 (base 12) to base 15.
4bb
What is -15524 (base 7) in base 5?
-120004
What is 141 (base 6) in base 8?
75
What is -a6a0 (base 14) in base 10?
-28756
50174 (base 10) to base 12
25052
-2273 (base 8) to base 6
-5335
727 (base 12) to base 3
1102111
What is -2120023 (base 4) in base 3?
-111100201
Convert -21012303 (base 4) to base 9.
-56143
Convert -200 (base 10) to base 12.
-148
2510 (base 6) to base 8
1152
Convert -21111223 (base 4) to base 15.
-b501
121123 (base 5) to base 4
1012322
Convert -2856 (base 11) to base 3.
-12001201
What is 1623 (base 7) in base 15?
2d9
Convert 456 (base 10) to base 15.
206
What is -22010222 (base 3) in base 15?
-1b5e
3ea (base 16) to base 3
1101010
Convert -1011010000 (base 2) to base 4.
-23100
What is 200 (base 5) in base 2?
110010
What is -624 (base 9) in base 13?
-301
Convert -1300443 (base 5) to base 13.
-b587
Convert 101001 (base 6) to base 8.
17471
1537 (base 12) to base 2
100110111011
Convert 10011330 (base 4) to base 8.
40574
Convert -570 (base 16) to base 13.
-831
10003 (base 6) to base 2
10100010011
2065 (base 8) to base 10
1077
349 (base 15) to base 11
617
What is -221102110 (base 3) in base 2?
-100100001100110
Convert -2743 (base 8) to base 15.
-6a7
What is -35797 (base 10) in base 4?
-20233111
Convert -713 (base 9) to base 16.
-243
476 (base 14) to base 4
31320
Convert 788 (base 14) to base 16.
5d4
Convert -103 (base 10) to base 6.
-251
What is 132 (base 16) in base 8?
462
611 (base 10) to base 12
42b
2d4a (base 14) to base 15
2602
What is 16 (base 14) in base 7?
26
What is -1223103 (base 4) in base 6?
-51443
What is -207 (base 14) in base 15?
-1b9
What is -200312 (base 4) in base 9?
-2785
What is 1000101010 (base 2) in base 10?
554
What is 25425 (base 6) in base 4?
323321
What is -451 (base 14) in base 9?
-1150
Convert 657 (base 14) to base 15.
588
Convert -33213103 (base 4) to base 11.
-44061
3214 (base 6) to base 8
1332
Convert 4441 (base 11) to base 12.
3479
-c02 (base 16) to base 11
-2345
Convert -206 (base 15) to base 16.
-1c8
What is 7066 (base 9) in base 15?
17e3
What is -41 (base 7) in base 13?
-23
What is 1985 (base 12) in base 11?
2391
-22200 (base 6) to base 9
-4220
-220b5 (base 13) to base 16
-f0e0
1152 (base 6) to base 16
11c
2200 (base 7) to base 14
400
Convert -3b (base 16) to base 10.
-59
50423 (base 7) to base 13
573b
Convert 110011011 (base 2) to base 4.
12123
1834 (base 9) to base 8
2600
Convert -10012222010 (base 3) to base 12.
-30833
Convert 11235 (base 7) to base 6.
21140
-2302120 (base 4) to base 5
-331131
-446 (base 9) to base 5
-2431
Convert -114441 (base 7) to base 16.
-5145
54 (base 14) to base 13
59
Convert 981 (base 14) to base 9.
2515
-400 (base 13) to base 12
-484
Convert -259 (base 10) to base 15.
-124
What is 2176 (base 8) in base 9?
1517
-1234 (base 5) to base 2
-11000010
Convert 3550 (base 7) to base 8.
2435
Convert -6264 (base 8) to base 3.
-11110110
Convert -1281 (base 12) to base 10.
-2113
What is 11101101000011 (base 2) in base 8?
35503
-a32 (base 11) to base 13
-74a
Convert 5c5a (base 16) to base 14.
888a
What is 5219 (base 10) in base 4?
1101203
-10236 (base 8) to base 15
-13d9
What is 35b (base 12) in base 6?
2155
What is 60 (base 10) in base 3?
2020
What is -100232 (base 6) in base 10?
-7868
448 (base 13) to base 2
1011100000
What is 2030 (base 12) in base 13?
1788
Convert -2d8a (base 15) to base 16.
-264d
Convert 610a (base 11) to base 9.
12118
-31524 (base 6) to base 7
-15352
What is 1ea (base 15) in base 12?
311
What is -431130 (base 6) in base 10?
-35262
What is -43b4 (base 13) in base 12?
-556a
15643 (base 10) to base 13
7174
-507 (base 11) to base 7
-1533
Convert -23 (base 14) to base 11.
-29
Convert -2a5b (base 14) to base 3.
-101022212
Convert -430 (base 13) to base 14.
-391
Convert 3677 (base 9) to base 14.
ddd
-43203 (base 7) to base 9
-15646
What is 586 (base 11) in base 2?
1010111011
Convert -233326 (base 8) to base 12.
-3a072
What is -1b6 (base 13) in base 15?
-163
54266 (base 7) to base 9
20485
Convert -5324 (base 8) to base 14.
-1020
-142 (base 16) to base 9
-387
What is -11010000111 (base 2) in base 6?
-11423
What is 11475 (base 8) in base 2?
1001100111101
What is 5654 (base 8) in base 7?
11466
What is 4207 (base 10) in base 3?
12202211
Convert -7952 (base 11) to base 10.
-10463
435542 (base 6) to base 13
13688
Convert -232442 (base 5) to base 12.
-4b01
What is 3770 (base 10) in base 9?
5148
-813 (base 13) to base 15
-613
Convert -273 (base 11) to base 13.
-1ba
What is -64250 (base 7) in base 16?
-3e27
Convert a299 (base 12) to base 11.
12318
7943 (base 10) to base 5
223233
Convert -30420 (base 5) to base 6.
-13105
10101 (base 6) to base 12
931
2837 (base 9) to base 5
32030
-104505 (base 8) to base 16
-8945
Convert 759 (base 16) to base 15.
856
22302 (base 4) to base 10
690
13461 (base 9) to base 4
2032213
1333 (base 9) to base 14
518
Convert 101111010 (base 2) to base 7.
1050
-1021001 (base 3) to base 16
-397
Convert -1176 (base 9) to base 14.
-46b
-16805 (base 9) to base 11
-8785
-7b0 (base 15) to base 6
-12020
What is -3153 (base 6) in base 15?
-32c
1a104 (base 11) to base 8
66654
Convert -12288 (base 10) to base 4.
-3000000
Convert 17183 (base 9) to base 10.
11820
What is -1201002 (base 3) in base 9?
-1632
What is -9947 (base 11) in base 10?
-13119
-112212 (base 4) to base 3
-1222120
Convert -290 (base 12) to base 15.
-1b6
-2231 (base 7) to base 6
-3422
What is 221425 (base 6) in base 3?
221101222
-100011011111 (base 2) to base 13
-1059
What is 112022 (base 6) in base 10?
9518
-41134 (base 6) to base 2
-1010101010010
-10011111000 (base 2) to base 16
-4f8
-1707 (base 9) to base 16
-517
Convert 157 (base 14) to base 13.
180
Convert 99a4 (base 13) to base 9.
32348
Convert 43123 (base 5) to base 16.
b61
What is 1163 (base 8) in base 2?
1001110011
What is -131320 (base 5) in base 3?
-21010222
140432 (base 5) to base 10
5742
What is -20a (base 11) in base 2?
-11111100
2053 (base 10) to base 4
200011
Convert 3021402 (base 5) to base 12.
23b94
What is 10012 (base 5) in base 3?
212102
-513b (base 13) to base 8
-25704
143225 (base 7) to base 3
1101210122
What is -9a3 (base 11) in base 16?
-4b2
Convert -1544 (base 6) to base 16.
-1a8
Convert -1b7d (base 16) to base 3.
-100122122
What is -255 (base 15) in base 12?
-382
Convert 3d36 (base 15) to base 16.
332d
Convert -5210 (base 7) to base 15.
-815
23492 (base 11) to base 13
12548
Convert -3185 (base 9) to base 13.
-1